(6/(-15) + (-48)/(-45)). What is the greatest common factor of v and 351?
9
Let b(j) = 15*j - 765. Let r be b(68). What is the greatest common factor of 85 and r?
85
Let i(w) = -18*w - 1060. Let b be i(-63). Suppose 0 = -3*z + 5*z - 370. Calculate the greatest common factor of z and b.
37
Suppose -4*w + 4 = 0, 35 = r - 3*w + 1. Suppose -6*y + r = 7. Let b(x) = -12*x + 1. Let m be b(-2). What is the greatest common divisor of y and m?
5
Let z = 32 - 23. Suppose -n - u + z = 0, 0 = n + u - 2*u + 1. Suppose 2*p - 108 = -p. What is the greatest common divisor of n and p?
4
Suppose -v + 61 + 6 = 0. What is the highest common divisor of v and 737?
67
Let x(d) = -d**3 + 3*d**2 + 3*d - 1. Suppose -2 = -y - y. Let z = y - -1. Let p be x(z). What is the highest common factor of 45 and p?
9
Suppose -226*g + 255*g - 261 = 0. What is the highest common divisor of 255 and g?
3
Let i(p) = p**2 - 50*p + 634. Let c be i(28). Suppose 7*o = 2*o + 180. Calculate the highest common factor of c and o.
18
Suppose 477 = 22*t - 777. Calculate the greatest common factor of 741 and t.
57
Let b be 38/10 + 2/10. Suppose 60 = 4*f + b*r, f + 4*r - r - 13 = 0. Let d be (-3)/((-38)/80 + (-4)/(-10)). Calculate the highest common divisor of f and d.
8
Suppose 0 = 5*i + 19*q - 20*q - 114, 2*i - q = 48. Calculate the highest common divisor of i and 2.
2
Suppose 11*s = 199 + 164. Calculate the highest common factor of s and 165.
33
Suppose -11*b - 132 = -12*b. Let i = 219 + -207. Calculate the greatest common divisor of b and i.
12
Let p = -307 + 359. What is the highest common divisor of 4 and p?
4
Suppose -27*b + 4857 = 159. Calculate the greatest common factor of b and 116.
58
Let b be 4/18 - (-430)/9. Let c = -24 + b. Calculate the highest common divisor of c and 36.
12
Let y = -14 - -87. Let j = y + -60. Calculate the highest common factor of j and 13.
13
Suppose 3*a + 3 = 0, 0 = -5*g - a + 2*a + 31. Suppose -3*n + u + 70 = -4*u, -10 = 2*u. Calculate the highest common divisor of g and n.
3
Let g be (2/(-4) + 0)*-4. Suppose 0 = -z - 2*b + 13, 0 = b - 1 - g. Calculate the highest common divisor of z and 35.
7
Suppose 67*m - 65*m + 3*n = 50, 16 = 4*n. Let z(g) = 11*g - 3. Let d be z(2). What is the highest common factor of d and m?
19
Suppose 7*n = 54 + 401. Suppose -3*g - 2*g + b = -53, -5*g + n = -5*b. Calculate the greatest common factor of g and 25.
5
Suppose -f - 28 = -33. Let m(j) = 9*j + 4. Let n be m(f). Calculate the highest common factor of 343 and n.
49
Let u(s) = s**2 - 4*s + 14. Let j be u(4). Let z be 56/12*-2*(-36)/j. What is the highest common factor of z and 72?
24
Let r be ((-6)/(-4))/((-10)/840). Let w = 243 + r. Let y(b) = -14*b**3 - b**2. Let n be y(-1). Calculate the highest common factor of n and w.
13
Let m(w) = 255*w - 462. Let n be m(13). Calculate the highest common divisor of 9 and n.
9
Let q(h) = h**3 - 47*h**2 + 64. Let x be q(47). What is the greatest common divisor of 80 and x?
16
Suppose 18*m - 3200 = 148. What is the highest common factor of 18 and m?
6
Let g = -118 - -125. Suppose 78 = g*t - 6. What is the greatest common divisor of t and 24?
12
Let k = 1 + 2. Suppose -u - 2*a = k*u - 44, -u - 5*a = -29. Suppose -9*g + u = -8*g. Calculate the greatest common factor of g and 6.
3
Let a(r) = -17*r - 7. Let c be a(-3). Let j = -26 + c. Calculate the greatest common factor of 6 and j.
6
Let t(c) = -c - 1. Let i be t(1). Let n be 0 + 8/(i + 3). Calculate the greatest common divisor of n and 72.
8
Suppose -2*o - 2*w - 2*w + 876 = 0, 0 = 3*w - 9. What is the greatest common factor of o and 54?
54
Suppose 2*p + 21 = -3. Let g be (17 - (-1 - -2)) + -2. Let v be (g/3)/((-8)/p). What is the highest common factor of 56 and v?
7
Let l(a) = -a**3 + 8*a**2 + 29*a - 82. Let c be l(10). Let v be -1*10*8/(-2). Calculate the highest common divisor of v and c.
8
Let i be -5 + (2/8)/((-4)/(-10448)). What is the greatest common divisor of i and 8?
8
Let m(o) = -2*o**3 + 76*o**2 - 78*o + 164. Let x be m(37). What is the highest common factor of x and 60?
4
Let c = 1011 - 569. What is the highest common divisor of c and 34?
34
Let y be 22/3 + 8/12. Suppose 0 = -5*k + k - y. Let d be (k + 0)*(9 - 13). What is the highest common factor of d and 20?
4
Let x be (-3)/(-3 + 36/8). Let q be (-1)/(2/(x - 0)). Let n be (-36)/(-15)*q*10. Calculate the greatest common divisor of 8 and n.
8
Let j(i) be the first derivative of i**3/3 + 2*i**2 - 2*i + 2. Let s be j(-4). Let l be (11/s)/(1/(-10)). What is the highest common factor of l and 22?
11
Let w be ((-4)/11)/(-2) + (-3759)/(-77). Calculate the greatest common factor of w and 63.
7
Suppose 5*t - t = 168. Let m(f) = -f**3 - 5*f**2 - 3*f + 6. Let g be m(-5). Calculate the highest common divisor of g and t.
21
Let c(a) = 5*a**2 - 7*a + 14. Let n(o) = -9*o**2 + 15*o - 29. Let z(m) = -11*c(m) - 6*n(m). Let v be z(-14). Calculate the greatest common factor of v and 18.
6
Suppose 0 = 5*q + q - 420. What is the highest common divisor of q and 70?
70
Suppose -20 = -z + 3*z. Let m be (-6)/4 + (-145)/z. What is the highest common divisor of m and 104?
13
Let m be 20*(85/(-60) + 2/(-6)). Let l = 0 - m. What is the highest common divisor of l and 35?
35
Let c(w) = -w + 7. Let a be c(6). Let m be a/(-2)*96/(-3). Let r(u) = -u - 4. Let q be r(-6). What is the greatest common divisor of q and m?
2
Suppose -3*t + u = -396, 4*u - 145 = -t - 0*u. Suppose -t = -4*r - 37. Calculate the greatest common factor of 6 and r.
6
Suppose 7*d = -4*s + 4*d + 80, 2*s - 62 = 4*d. Let k = -8 + s. What is the greatest common divisor of 15 and k?
15
Suppose -o - 2*o = l - 48, 0 = -4*o + 3*l + 64. Let w be (-1)/(-2) - (-216)/o. Suppose -4*f - w = -18. Calculate the highest common factor of f and 4.
1
Suppose 4*g - 155 = -i, -5*i + g + 665 = -g. Let n(a) = -5*a - 4. Let f be n(-4). Let s = f - 1. What is the greatest common divisor of s and i?
15
Suppose -25*r + 19*r + 12 = 0. Suppose r + 34 = 2*n - 4*u, -2*n + 5*u + 33 = 0. Calculate the highest common factor of 16 and n.
8
Let q(t) = t**3 + 5*t**2 + t + 12. Suppose 20 = -p - 3*p. Let d be q(p). Calculate the greatest common divisor of 42 and d.
7
Suppose 3*c + 5*x - 147 = 128, 5*x + 175 = 2*c. Suppose 5*h = 6*k - k - 175, -2*k - h + 73 = 0. What is the highest common factor of k and c?
18
Let p(r) = -2*r**2 + r - 1. Let u be p(1). Let n be (u/1)/(4/(-14)). Calculate the highest common factor of 1 and n.
1
Let x be (-1)/2 + 3 + (-6)/12. Let u be (7 - 2) + 78 + x. Calculate the greatest common factor of u and 17.
17
Suppose m = -3*m + 5*d + 2195, 3*m + 2*d = 1675. What is the highest common divisor of m and 15?
15
Let o = -46 - -56. Let z be (54/5)/(3/o). Suppose -x + 1 = -3. What is the highest common factor of z and x?
4
Let n be (-126)/(-3)*1/2*11. Let w(t) = -t**3 - 3*t**2 + 7*t + 6. Let q be w(-5). Calculate the greatest common factor of q and n.
21
Let v(p) = p**2 - 20. Let g be v(8). What is the highest common divisor of 44 and g?
44
Let u = -8 - -16. Let v(b) = 2*b - 9. Let h be v(u). Calculate the greatest common factor of 56 and h.
7
Suppose 77*h + 672 = 105*h. Calculate the highest common factor of 116 and h.
4
Suppose -33 = -3*s - 3. Let c(v) = -v**3 + 9*v**2 + 13*v - 12. Let q be c(s). Let t be 8 + 1/3*3. What is the greatest common divisor of q and t?
9
Let y = -851 + 1101. Calculate the greatest common factor of y and 100.
50
Let g = -166 - -231. What is the highest common divisor of g and 13?
13
Suppose 4*t - 2*t - 10 = 0. Suppose o - 8 = -o, 18 = t*i - 3*o. Calculate the greatest common factor of i and 30.
6
Suppose -5*y - o = 106, y + 3*o + 0*o = -10. Let l be 442/11 - (-4)/y. What is the greatest common factor of 80 and l?
40
Suppose 0 = 3*s - 5*z - 25, 4*s + 5*z = 8 + 72. Calculate the greatest common factor of s and 20.
5
Suppose -3*p = -f - 37, 5*f = -2*p + p + 23. Let z be (154/(-6))/(2/(-12)). Let x = z + -37. What is the highest common factor of p and x?
13
Suppose -5*a = -10*a + 15. Suppose -2*f + a*f - 3 = 0. Suppose -f*p = 3*z - 204, -2*p + 3*z - 9 = -135. Calculate the greatest common divisor of 6 and p.
6
Let j = 995 - 923. What is the highest common factor of 264 and j?
24
Suppose 5*a = -2*o - 3*o + 180, -106 = -3*a - 4*o. Suppose 58 = 2*c - 4*k, 0 = -3*c - k + 3*k + 67. What i